.
34
Let t be (-2 - -2 - -3)/((-1)/5). Let z be 6/t + (-32)/(-5). Let l(g) = g**2 + 4*g - 15. What is the remainder when l(z) is divided by 16?
13
Let g(u) = 120*u**2 - 23*u + 2. What is the remainder when 866 is divided by g(-1)?
141
Suppose -f = -4*b + 1379, 0 = -f + 3*f - 10. Calculate the remainder when b is divided by 67.
11
Let g(m) = m**2 + 2*m - 2. Suppose 1132*z - 1129*z + 4*r = 535, 5*z - 5*r - 915 = 0. Calculate the remainder when z is divided by g(-8).
43
Let f = 25166 - 18700. What is the remainder when f is divided by 22?
20
Suppose -3*u + 588 = 18*u. Suppose 53 = u*z - 27*z. Calculate the remainder when z is divided by 4.
1
Suppose 2*h - 12 = 4*h. Let n = 16 + h. Calculate the remainder when n is divided by (1 - 0) + (14 - 9).
4
Let i = 8498 - 8490. Calculate the remainder when 2757 is divided by i.
5
Let y = 288 + -278. Suppose -4*t = 5*k - 30, y = 5*k - 3*k + 2*t. What is the remainder when 26 is divided by k?
6
Suppose 0 = 72*o - 80*o + 728. What is the remainder when o is divided by 21 + (-6)/5 + 4/(-5)?
15
Let q(f) = -141*f + 1. Let c(m) = 94*m - 1. Let d(x) = -8*c(x) - 5*q(x). What is the remainder when d(-2) is divided by 33?
31
Let i(l) = -l**3 - 28*l**2 + 30*l + 48. Let o = 403 + -234. What is the remainder when o is divided by i(-29)?
17
Let l = 0 + -10. Let u(c) = -6*c - 55. Let q be u(l). Suppose -7*n = -q*n - 118. What is the remainder when n is divided by 30?
29
Suppose 3*l = 2*p - 49752, -5*l - 11202 + 135632 = 5*p. Calculate the remainder when p is divided by 105.
102
Let o(t) = -5*t + 116. What is the remainder when o(-7) is divided by 1/5 + (477/15 - 1)?
27
Suppose 7*u - 28 = 0, -13*u + 100 = 2*t - 18*u. Calculate the remainder when t is divided by 13 + (2 - -13)/(-5).
0
Suppose z - 16 = -14, 2*q = -2*z + 118. Calculate the remainder when 57 is divided by q.
0
Suppose 4*s + 4021 = 2*a - 2615, -2*a = -5*s - 6643. What is the remainder when a is divided by 6?
4
Let f be ((-54)/10)/(1/(-45)). What is the remainder when 76/266 + f/7 is divided by 24?
11
Let z be 3 - (36/(-90) - 23/5). Suppose -z*f - 1385 + 1401 = 0. Let m = 20 - 13. What is the remainder when m is divided by f?
1
Let q be ((-67)/2)/(33/(-6) + 5). Suppose 45 = -2*f + q. Calculate the remainder when f is divided by 7.
4
Let i(p) = 10*p + 4. Let g be i(1). Suppose 0*w + g = 7*w. What is the remainder when 55 is divided by ((-1)/w)/((-1)/34)?
4
Let u be (14190/(-86))/(0 - (1 - 0)). Let v = u - 140. Calculate the remainder when v is divided by 5.
0
Let c(y) = y**2 - 5*y - 41. Let z be c(15). Suppose w - z = -2*u + 308, 5*u + w = 1035. What is the remainder when u is divided by 8?
6
Calculate the remainder when 85 is divided by -2*171/(-24) - 531/(-708).
10
Let k(z) = 39*z - 112. Let i be k(7). Suppose 41 = -6*d + i. Let m(q) = q**2 + 8*q + 9. What is the remainder when d is divided by m(-7)?
0
Let l(i) = i**2 - 7*i - 41. Let c be l(11). Suppose 0 = -c*y + 12*y - 216. Calculate the remainder when 92 is divided by y.
20
Suppose -13131 + 56759 = 52*q. Calculate the remainder when q is divided by 279.
2
Let w(r) = 14*r - 17 - 31*r + 88 - 14*r - 17*r. What is the remainder when w(0) is divided by 25?
21
Suppose 0 = -k - 2*b + 8, 4*k + 0*k + 5*b = 17. Let s be (-63)/(-14) + (-1)/k. Calculate the remainder when 28 is divided by 3 + 11 + (-20)/s.
8
Suppose -2752 = 1037*r - 1062*r + 98. Calculate the remainder when 5471 is divided by r.
113
Suppose -78*a = -75*a - 6. What is the remainder when 34 is divided by 558/24 + a/(-8)?
11
Let r(c) = -c**3 + 4*c**2 + 6*c - 2. Suppose -h - 16 = -5*h, 0 = 3*n + 5*h - 1064. Suppose -34*y + 38*y = n. What is the remainder when y is divided by r(4)?
21
Suppose -8*n = -1424 - 632. Suppose n = 22*t - 271. What is the remainder when t is divided by 18?
6
Suppose -3*o = o - 2*o. Suppose 2*k + 5 + 5 = 0, 4*c + 3*k - 73 = o. What is the remainder when (-606)/(-7) - (-9)/21 is divided by c?
21
Let y be 12/(-3) - (-12 - -12). Calculate the remainder when 1/2 - (-162)/4 is divided by ((-33)/y)/(81/108).
8
Let p(x) = x**3 - 7*x**2 - 12*x + 7. Let c(k) = -3*k**3 - 79*k**2 + 47*k + 38. Calculate the remainder when c(-27) is divided by p(9).
44
Let g = -8 - -136. Suppose 17*y - 16*y = g. Calculate the remainder when y is divided by 0 + 2/(-1) + 35.
29
Let s = 45 + -42. Suppose s*p - 12 = -p. What is the remainder when (-189)/(-12) + (-8)/(-32) is divided by p?
1
Suppose -16*m + 13752 = 2*m. Let z = -699 + m. Suppose -76 + 4 = -3*r. Calculate the remainder when z is divided by r.
17
Suppose -44 = -8*p + 4*p. Let a(q) = 7*q - 25. Let h be a(-6). Let c = h - -71. What is the remainder when p is divided by c?
3
Let x be 6 + 0/(-2 + 5). What is the remainder when 700 is divided by (26*x/(-8))/((-3)/4)?
24
Let c = 96 + -57. Suppose 238 + 280 = 29*k - 91. What is the remainder when c is divided by k?
18
Let s(h) = h**2 + 2*h - 162. What is the remainder when 1509 is divided by s(12)?
3
Let l(f) = 58*f + 5. Let n(x) = x + 1. Let b be n(2). Suppose -3*a = 3*v - 114, 3*v - 170 = -39*a + 44*a. Calculate the remainder when l(b) is divided by v.
44
Suppose -f + 517 - 177 = 0. Calculate the remainder when f is divided by 2.
0
Suppose 0 = -r + 4, 4*r + 45 = 5*s + 6. Suppose -s*b + 836 + 693 = 0. What is the remainder when b is divided by 12?
7
Suppose -54*p + 32476 = 26*p + 12*p. Calculate the remainder when p is divided by 58.
5
Let s be 1/1*122*2/4. Suppose 3*k + 177 + 6 = 3*m, m - s = -2*k. What is the remainder when m is divided by 31?
30
Let k = -12766 - -12854. What is the remainder when 479 is divided by k?
39
Suppose 42*q + 3*l - 11310 = 37*q, -2262 = -q + 4*l. Calculate the remainder when q is divided by 22.
18
Suppose -8*s - s + 216 = 0. Calculate the remainder when 25 is divided by ((-16)/s)/(4/(-96)).
9
Let o = 7488 + -7464. Calculate the remainder when 1223 is divided by o.
23
Suppose -5*g + 3*i - i = 317, 2*g - 4*i = -114. Let j = -86 - g. Let w(l) = -l**3 - 21*l**2 - 3*l - 51. Calculate the remainder when 83 is divided by w(j).
11
Suppose 5*w - 2*w - 3*i = 234, -w - 3*i + 70 = 0. Suppose -2*k - 14 + w = 0. Suppose -n + 121 = 10*n. What is the remainder when k is divided by n?
9
Let t be 7 - ((-11)/3 + 2/3). Suppose -20 = 6*c - t*c. Suppose 40 = 7*y + c. What is the remainder when 10 is divided by y?
0
Let g = 267 - 193. Suppose 3*h - 3*p = -235 + 55, 3*h + 174 = p. Let f = g + h. Calculate the remainder when 31 is divided by f.
14
Let t = 4567 + -4437. What is the remainder when t is divided by 15?
10
Let i(l) be the second derivative of 5*l**3/2 + 25*l**2/2 + 3*l. Let b(q) = -2*q. Let j(g) = 6*b(g) + i(g). What is the remainder when j(-7) is divided by 2?
0
Suppose 2*n + 5*i = 1044, 1549 = -41*n + 44*n - i. Suppose 2*b - 41 - 31 = -5*j, j + 22 = b. Calculate the remainder when n is divided by b.
23
Calculate the remainder when 1266 - (7 + (2 - 153/9)) is divided by 18.
14
Suppose 4*v - 4*n - 36 = 0, -67 = -10*v + 7*v - 5*n. Let x be (-1 + 3)/(10/285). Let a = 99 - x. What is the remainder when a is divided by v?
0
Let x(y) = -y**3 - 11*y**2 - 12*y - 7. Let t be x(-10). Suppose t = 2*s + 69. What is the remainder when 74 is divided by 3 + (-636)/s - (-8)/28?
22
Suppose -c - 110 = -6*c. Let d be 68/119 - 146/(-14). Suppose 524 = d*k - 411. What is the remainder when k is divided by c?
19
Suppose 2*r + r = 5*r. Suppose -j = -3*g + 27, r = 2*j + j. Calculate the remainder when ((-84)/9)/(-2 - (-15)/g) is divided by 15.
13
What is the remainder when 31618 is divided by (-78 - -106) + (-1*2)/(5/20)?
18
Let v(h) = -h**2 + 27*h + 35. Let u(b) = -2*b**3 - 19*b**2 + 8*b + 8. Suppose 9*c = -21 - 69. Let n be u(c). Calculate the remainder when 27 is divided by v(n).
6
Let z = 2430 + -2397. What is the remainder when 914 is divided by z?
23
Suppose 0 = 5*d - 307 + 77. What is the remainder when (-2190)/(-14) - (36/(-21) - 72/(-63)) is divided by d?
19
Suppose 0 = -40*y - 13636 + 34316. Calculate the remainder when y is divided by 184.
149
Suppose -s - 4 = 4*y - 18, 0 = 2*s + 4*y - 24. Suppose s*c = 9*c + 107. Let d = c + -63. Calculate the remainder when d is divided by 9.
8
Let u(g) = 5*g - 32. Let x(h) = -h + 8. Let k(q) = 2*u(q) + 9*x(q). Let y(a) = -a**3 + 4*a**2 + 8*a - 9. Calculate the remainder when k(2) is divided by y(5).
4
Let b(w) = -w